 1367
What are the prime factors of 6878?
2, 19, 181
List the prime factors of 944.
2, 59
What are the prime factors of 1009?
1009
List the prime factors of 57597.
3, 73, 263
What are the prime factors of 720?
2, 3, 5
List the prime factors of 35293.
29, 1217
List the prime factors of 3465.
3, 5, 7, 11
List the prime factors of 1076.
2, 269
What are the prime factors of 14139?
3, 1571
List the prime factors of 136678.
2, 37, 1847
What are the prime factors of 20846?
2, 7, 1489
List the prime factors of 2825.
5, 113
What are the prime factors of 153845?
5, 29, 1061
What are the prime factors of 31739?
17, 1867
What are the prime factors of 16794?
2, 3, 311
List the prime factors of 1057.
7, 151
List the prime factors of 8088.
2, 3, 337
What are the prime factors of 3348?
2, 3, 31
What are the prime factors of 3035?
5, 607
List the prime factors of 880.
2, 5, 11
What are the prime factors of 3053?
43, 71
List the prime factors of 963.
3, 107
List the prime factors of 3024.
2, 3, 7
List the prime factors of 6113.
6113
List the prime factors of 46681.
46681
What are the prime factors of 5029?
47, 107
What are the prime factors of 7619?
19, 401
What are the prime factors of 99698?
2, 79, 631
What are the prime factors of 14561?
14561
What are the prime factors of 3633?
3, 7, 173
List the prime factors of 8256.
2, 3, 43
What are the prime factors of 95486?
2, 47743
What are the prime factors of 108093?
3, 137, 263
What are the prime factors of 25757?
43, 599
What are the prime factors of 18934?
2, 9467
List the prime factors of 707.
7, 101
What are the prime factors of 23393?
149, 157
List the prime factors of 146339.
61, 2399
What are the prime factors of 44194?
2, 19, 1163
List the prime factors of 116820.
2, 3, 5, 11, 59
List the prime factors of 20289.
3, 6763
What are the prime factors of 848?
2, 53
What are the prime factors of 2906?
2, 1453
What are the prime factors of 4993?
4993
List the prime factors of 7205.
5, 11, 131
List the prime factors of 18374.
2, 9187
List the prime factors of 1621.
1621
What are the prime factors of 59988?
2, 3, 4999
What are the prime factors of 4993?
4993
What are the prime factors of 162246?
2, 3, 7, 3863
List the prime factors of 648.
2, 3
What are the prime factors of 11987?
11987
What are the prime factors of 91942?
2, 45971
What are the prime factors of 23398?
2, 11699
List the prime factors of 8252.
2, 2063
List the prime factors of 4923.
3, 547
List the prime factors of 2178.
2, 3, 11
What are the prime factors of 20872?
2, 2609
List the prime factors of 79652.
2, 19913
List the prime factors of 12528.
2, 3, 29
List the prime factors of 42580.
2, 5, 2129
List the prime factors of 678.
2, 3, 113
What are the prime factors of 2198?
2, 7, 157
List the prime factors of 10721.
71, 151
What are the prime factors of 3541?
3541
List the prime factors of 1245.
3, 5, 83
List the prime factors of 2557.
2557
List the prime factors of 3689.
7, 17, 31
List the prime factors of 129932.
2, 11, 2953
What are the prime factors of 1629?
3, 181
What are the prime factors of 16398?
2, 3, 911
List the prime factors of 37812.
2, 3, 23, 137
What are the prime factors of 7383?
3, 23, 107
What are the prime factors of 344?
2, 43
What are the prime factors of 45260?
2, 5, 31, 73
What are the prime factors of 11013?
3, 3671
What are the prime factors of 2187?
3
What are the prime factors of 71222?
2, 149, 239
List the prime factors of 92600.
2, 5, 463
What are the prime factors of 102796?
2, 31, 829
List the prime factors of 1907.
1907
What are the prime factors of 3486?
2, 3, 7, 83
List the prime factors of 37576.
2, 7, 11, 61
What are the prime factors of 11291?
7, 1613
What are the prime factors of 8718?
2, 3, 1453
List the prime factors of 501.
3, 167
List the prime factors of 2770.
2, 5, 277
What are the prime factors of 67104?
2, 3, 233
What are the prime factors of 8284?
2, 19, 109
List the prime factors of 43013.
43013
List the prime factors of 125982.
2, 3, 2333
List the prime factors of 388.
2, 97
List the prime factors of 31238.
2, 15619
What are the prime factors of 45394?
2, 22697
What are the prime factors of 59376?
2, 3, 1237
What are the prime factors of 10751?
13, 827
List the prime factors of 184.
2, 23
What are the prime factors of 2808?
2, 3, 13
List the prime factors of 1819.
17, 107
List the prime factors of 57103.
17, 3359
What are the prime factors of 588?
2, 3, 7
List the prime factors of 10075.
5, 13, 31
What are the prime factors of 100560?
2, 3, 5, 419
List the prime factors of 506.
2, 11, 23
What are the prime factors of 78859?
11, 67, 107
List the prime factors of 1788.
2, 3, 149
What are the prime factors of 23895?
3, 5, 59
List the prime factors of 909.
3, 101
List the prime factors of 162922.
2, 29, 53
List the prime factors of 86821.
7, 79, 157
What are the prime factors of 711?
3, 79
List the prime factors of 3044.
2, 761
List the prime factors of 36786.
2, 3, 6131
List the prime factors of 36908.
2, 9227
List the prime factors of 934.
2, 467
List the prime factors of 39270.
2, 3, 5, 7, 11, 17
List the prime factors of 13426.
2, 7, 137
List the prime factors of 23532.
2, 3, 37, 53
List the prime factors of 3463.
3463
List the prime factors of 49574.
2, 7, 3541
What are the prime factors of 21398?
2, 13, 823
List the prime factors of 23988.
2, 3, 1999
List the prime factors of 41275.
5, 13, 127
List the prime factors of 20149.
20149
What are the prime factors of 3872?
2, 11
List the prime factors of 2576.
2, 7, 23
What are the prime factors of 31032?
2, 3, 431
What are the prime factors of 89607?
3, 7, 17, 251
What are the prime factors of 19029?
3, 6343
List the prime factors of 628.
2, 157
What are the prime factors of 10259?
10259
What are the prime factors of 156?
2, 3, 13
What are the prime factors of 89849?
89849
What are the prime factors of 1755?
3, 5, 13
List the prime factors of 122240.
2, 5, 191
List the prime factors of 810.
2, 3, 5
What are the prime factors of 21?
3, 7
What are the prime factors of 3642?
2, 3, 607
List the prime factors of 10433.
10433
What are the prime factors of 1542?
2, 3, 257
What are the prime factors of 8101?
8101
List the prime factors of 18604.
2, 4651
What are the prime factors of 211?
211
What are the prime factors of 21702?
2, 3, 3617
What are the prime factors of 24213?
3, 7, 1153
What are the prime factors of 1686?
2, 3, 281
List the prime factors of 45679.
17, 2687
List the prime factors of 5327.
7, 761
What are the prime factors of 49550?
2, 5, 991
What are the prime factors of 11092?
2, 47, 59
List the prime factors of 2430.
2, 3, 5
What are the prime factors of 11487?
3, 7, 547
What are the prime factors of 55718?
2, 13, 2143
List the prime factors of 9758.
2, 7, 17, 41
What are the prime factors of 856?
2, 107
List the prime factors of 29363.
29363
List the prime factors of 72639.
3, 7, 1153
List the prime factors of 148457.
148457
List the prime factors of 12172.
2, 17, 179
List the prime factors of 3292.
2, 823
What are the prime factors of 20228?
2, 13, 389
List the prime factors of 1110.
2, 3, 5, 37
What are the prime factors of 7968?
2, 3, 83
What are the prime factors of 3945?
3, 5, 263
What are the prime factors of 948?
2, 3, 79
List the prime factors of 1806.
2, 3, 7, 43
What are the prime factors of 64354?
2, 23, 1399
What are the prime factors of 2743?
13, 211
List the prime factors of 1035.
3, 5, 23
What are the prime factors of 13371?
3, 4457
What are the prime factors of 77157?
3, 8573
What are the prime factors of 1331?
11
List the prime factors of 206420.
2, 5, 10321
List the prime factors of 1627.
1627
List the prime factors of 75.
3, 5
What are the prime factors of 1362?
2, 3, 227
What are the prime factors of 11660?
2, 5, 11, 53
List the prime factors of 43058.
2, 21529
What are the prime factors of 238?
2, 7, 17
List the prime factors of 254.
2, 127
What are the prime factors of 3896?
2, 487
List the prime factors of 2105.
5, 421
List the prime factors of 27700.
2, 5, 277
What are the prime factors of 107?
107
What are the prime factors of 83642?
2, 13, 3217
What are the prime factors of 1222?
2, 13, 47
List the prime factors of 1538.
2, 769
List the prime factors of 1098.
2, 3, 61
What are the prime factors of 135987?
3, 453